t of 12713?
7
What is the units digit of 28921?
1
What is the tens digit of 107?
0
What is the tens digit of 175371?
7
What is the thousands digit of 7155?
7
What is the units digit of 48?
8
What is the units digit of 224?
4
What is the tens digit of 2063?
6
What is the units digit of 6556?
6
What is the tens digit of 1024?
2
What is the tens digit of 107712?
1
What is the tens digit of 92993?
9
What is the tens digit of 1320?
2
What is the ten thousands digit of 45164?
4
What is the units digit of 1003?
3
What is the hundreds digit of 7380?
3
What is the hundreds digit of 2377?
3
What is the hundreds digit of 77224?
2
What is the units digit of 20646?
6
What is the units digit of 1122?
2
What is the tens digit of 3534?
3
What is the hundreds digit of 3849?
8
What is the tens digit of 11880?
8
What is the ten thousands digit of 16242?
1
What is the units digit of 396?
6
What is the ten thousands digit of 18931?
1
What is the tens digit of 1271?
7
What is the tens digit of 799?
9
What is the thousands digit of 40578?
0
What is the hundreds digit of 2176?
1
What is the ten thousands digit of 63664?
6
What is the tens digit of 11469?
6
What is the ten thousands digit of 20948?
2
What is the hundreds digit of 3238?
2
What is the units digit of 3303?
3
What is the tens digit of 7421?
2
What is the thousands digit of 1253?
1
What is the thousands digit of 4377?
4
What is the thousands digit of 2257?
2
What is the tens digit of 18269?
6
What is the hundreds digit of 215?
2
What is the tens digit of 69644?
4
What is the tens digit of 2869?
6
What is the units digit of 677?
7
What is the thousands digit of 1979?
1
What is the units digit of 47309?
9
What is the thousands digit of 3219?
3
What is the tens digit of 22246?
4
What is the units digit of 5738?
8
What is the thousands digit of 7090?
7
What is the units digit of 7101?
1
What is the hundreds digit of 9847?
8
What is the thousands digit of 7906?
7
What is the thousands digit of 3216?
3
What is the hundreds digit of 88807?
8
What is the thousands digit of 110708?
0
What is the units digit of 790?
0
What is the tens digit of 2339?
3
What is the hundreds digit of 2795?
7
What is the tens digit of 7789?
8
What is the units digit of 19378?
8
What is the tens digit of 703?
0
What is the hundreds digit of 36818?
8
What is the thousands digit of 4042?
4
What is the ten thousands digit of 39392?
3
What is the ten thousands digit of 152012?
5
What is the thousands digit of 1832?
1
What is the units digit of 4952?
2
What is the thousands digit of 1900?
1
What is the thousands digit of 1444?
1
What is the tens digit of 34468?
6
What is the tens digit of 10594?
9
What is the hundreds digit of 6179?
1
What is the units digit of 306?
6
What is the tens digit of 111612?
1
What is the hundreds digit of 7820?
8
What is the thousands digit of 5212?
5
What is the hundreds digit of 4043?
0
What is the ten thousands digit of 68329?
6
What is the units digit of 288?
8
What is the tens digit of 23559?
5
What is the units digit of 21264?
4
What is the tens digit of 14269?
6
What is the units digit of 77309?
9
What is the units digit of 689?
9
What is the tens digit of 3204?
0
What is the ten thousands digit of 66181?
6
What is the units digit of 2459?
9
What is the tens digit of 7761?
6
What is the ten thousands digit of 19564?
1
What is the hundreds digit of 45584?
5
What is the thousands digit of 59739?
9
What is the tens digit of 16663?
6
What is the tens digit of 31965?
6
What is the units digit of 875?
5
What is the hundreds digit of 5775?
7
What is the tens digit of 691?
9
What is the thousands digit of 2099?
2
What is the hundreds digit of 341?
3
What is the tens digit of 24322?
2
What is the hundreds digit of 1613?
6
What is the hundreds digit of 22121?
1
What is the hundreds digit of 115177?
1
What is the hundreds digit of 150771?
7
What is the hundreds digit of 20326?
3
What is the tens digit of 15181?
8
What is the thousands digit of 2275?
2
What is the tens digit of 19270?
7
What is the thousands digit of 2382?
2
What is the hundreds digit of 148?
1
What is the thousands digit of 1058?
1
What is the tens digit of 9365?
6
What is the hundreds digit of 973?
9
What is the tens digit of 523?
2
What is the ten thousands digit of 51027?
5
What is the tens digit of 858?
5
What is the tens digit of 688?
8
What is the units digit of 28233?
3
What is the tens digit of 6806?
0
What is the hundreds digit of 109?
1
What is the ten thousands digit of 15767?
1
What is the tens digit of 1789?
8
What is the tens digit of 62?
6
What is the tens digit of 1283?
8
What is the hundreds digit of 26104?
1
What is the ten thousands digit of 11824?
1
What is the hundreds digit of 10472?
4
What is the thousands digit of 17447?
7
What is the tens digit of 544?
4
What is the units digit of 101?
1
What is the tens digit of 53338?
3
What is the hundreds digit of 8466?
4
What is the thousands digit of 5734?
5
What is the units digit of 604?
4
What is the thousands digit of 2410?
2
What is the tens digit of 1605?
0
What is the tens digit of 15577?
7
What is the thousands digit of 2364?
2
What is the hundreds digit of 27873?
8
What is the hundreds digit of 607?
6
What is the thousands digit of 3502?
3
What is the hundreds digit of 14024?
0
What is the units digit of 6208?
8
What is the tens digit of 3250?
5
What is the units digit of 4474?
4
What is the tens digit of 2843?
4
What is the hundreds digit of 5139?
1
What is the tens digit of 584?
8
What is the tens digit of 1554?
5
What is the tens digit of 610?
1
What is the units digit of 334?
4
What is the thousands digit of 2475?
2
What is the ten thousands digit of 28409?
2
What is the units digit of 27384?
4
What is the tens digit of 114944?
4
What is the thousands digit of 18664?
8
What is the thousands digit of 5972?
5
What is the tens digit of 1606?
0
What is the tens digit of 17858?
5
What is the thousands digit of 1348?
1
What is the hundreds digit of 33638?
6
What is the hundreds digit of 3105?
1
What is the hundreds digit of 540?
5
What is the thousands digit of 108969?
8
What is the ten thousands digit of 56400?
5
What is the thousands digit of 5710?
5
What is the units digit of 2093?
3
What is the hundreds digit of 44545?
5
What is the tens digit of 2332?
3
What is the units digit of 615?
5
What is the hundreds digit of 16627?
6
What is the tens digit of 41893?
9
What is the tens digit of 104?
0
What is the hundreds digit of 1874?
8
What is the tens digit of 27303?
0
What is the tens digit of 1716?
1
What is the tens digit of 8285?
8
What is the hundreds digit of 632?
6
What is the hundreds digit of 1117?
1
What is the units digit of 213?
3
What is the hundreds digit of 37679?
6
What is the units digit of 8657?
7
What is the tens digit of 19748?
4
What is the units digit of 674?
4
What is the units digit of 2369?
9
What is the ten thousands digit of 14574?
1
What is the thousands digit of 4848?
4
What is the hundreds digit of 2958?
9
What is the tens digit of 2222?
2
What is the units digit of 600?
0
What is the units digit of 508?
8
What is the thousands digit of 1373?
1
What is the thousands digit of 1010?
1
What is the units digit of 982?
2
What is the hundreds digit of 298?
2
What is the hundreds digit of 799?
7
What is the hundreds digit of 1756?
7
What is the units digit of 4523?
3
What is the units digit of 6562?
2
What is the units digit of 9525?
5
What is the tens digit of 55138?
3
What is the units digit of 14266?
6
What is the hundreds digit of 392?
3
What is the hundreds digit of 7586?
5
What is the hundreds digit of 673?
6
What is the tens digit of 1005?
0
What is the hundreds digit of 631?
6
What is the ten thousands digit of 184003?
8
What is the hundred thousands digit of 127925?
1
What is the hundreds digit of 495?
4
What is the ten thousands digit of 131551?
3
What is the hundreds digit of 17270?
2
What is the tens digit of 2914?
1
What is the hundreds digit of 9622?
6
What is the tens digit of 23?
2
What is the hundreds digit of 2642?
6
What is the hundred thousands digit of 171571?
1
What is the tens digit of 514?
1
What is the thousands digit of 38664?
8
What is the units digit of 1492?
2
What is the tens digit of 258?
5
What is the tens digit of 13971?
7